= 6*i + 4*a, 2*a + 164 + 425 = 3*i. Calculate the remainder when i is divided by n.
59
Suppose -3*l - 21 = 0, 8*l - 13*l = -4*n + 151. What is the remainder when 1675 is divided by n?
22
Suppose 2 = 3*p - p, -3*p = 2*b - 21. Suppose -186 = -b*q + 3. Calculate the remainder when 61 is divided by q.
19
Suppose 0 = -29*w - 128 + 1085. Suppose a + 3*a - 88 = 0. Calculate the remainder when w is divided by a.
11
Suppose 0 = 2*t - 4, t + 202 = -14*x + 16*x. Calculate the remainder when 192 is divided by x.
90
Let i = 4 + 17. Suppose 720 = 5876*h - 5816*h. Calculate the remainder when i is divided by h.
9
Let k = -756 + 876. What is the remainder when 599 is divided by k?
119
Suppose 77 = 2*y + 2*b + 23, y - 30 = -4*b. What is the remainder when y is divided by 17?
9
Let p(h) = 6*h + 26. Let o(s) = -5*s - 25. Let a(w) = 3*o(w) + 2*p(w). Calculate the remainder when 43 is divided by a(-15).
21
Let i(n) = 7*n**2 - 15*n - 2. Let u = -280 - -283. Calculate the remainder when 109 is divided by i(u).
13
Suppose 1314 = 3*g + 530*c - 531*c, 2*c = -6. Calculate the remainder when g is divided by 12.
5
Let d = 260 + -223. Suppose -d*w + 216 = -31*w. Let n(z) = 4*z**2 + 2*z - 5. Calculate the remainder when n(5) is divided by w.
33
Let y(u) = 10*u**2 + u. What is the remainder when y(-2) is divided by 45/2 - (9 - (-240)/(-32))?
17
Suppose -2*s - 1 = -5*w - 8, -3*s - 3*w + 63 = 0. Let i = s + 121. What is the remainder when i is divided by (-281)/(-8) - 2/16?
32
Let m = 21 + -4. Suppose -750*b + 4910 = -128473 - 54867. Calculate the remainder when b is divided by m.
13
Let z = -232 + 560. Let n = z - 220. What is the remainder when n is divided by 19?
13
Let h(t) = 26*t - 11. Let u be h(2). Suppose 0 = -4*g + 2*i + 54, 2*g + 2*i - u + 11 = 0. Calculate the remainder when 257/7 - (-4)/g is divided by 13.
11
Let x be ((-8)/(-28))/(4/14). Suppose -3*z + 1 + 8 = 0. Suppose -4*t + s + 6 = z*s, s = x. What is the remainder when 1 is divided by t?
0
Suppose 0*d = -19*d - 380. Calculate the remainder when 6/(6/5)*(-128)/d is divided by 18.
14
Let c(l) = -l**3 - 2*l**2 - l + 5. Let v be c(-2). Suppose v*b = -2*j + 3*b + 168, -b + 86 = j. Calculate the remainder when j is divided by 13.
10
Suppose 2*q - 737 = 3*w, 6*q = 5*q + 4*w + 356. Calculate the remainder when q is divided by -2 - -1 - (-576)/9.
61
Calculate the remainder when 195 is divided by -94*(1/(-3))/(45/270).
7
Calculate the remainder when 9/1 + 8/(((-66)/(-11))/3342) is divided by 890.
15
Suppose -4*w + 81 + 159 = 0. Suppose 66*p - w*p = 246. What is the remainder when 155 is divided by p?
32
Let x(c) = -c**3 + 9*c**2 + 15*c + 79. Let t be x(11). What is the remainder when ((-114)/(-3))/(7/14*t) is divided by 9?
2
Let i(m) = 1027*m - 2488. What is the remainder when i(5) is divided by 14?
1
Let q(p) = -48*p**3 + 2*p**2 + p - 1. Let l be q(-1). Suppose -8*u + 4*u + 4*d = -l, 2*u - 38 = -5*d. What is the remainder when 38 is divided by u?
10
Suppose 0 = -131*i + 40*i - 1299 + 26688. Calculate the remainder when i is divided by 150.
129
Suppose 2*h = 75 + 233. Suppose m = 15*m - h. Suppose -7 = -u + 5*n, -4*u - 4*n - n + 128 = 0. Calculate the remainder when u is divided by m.
5
Let c = -19735 + 20012. What is the remainder when c is divided by 131?
15
What is the remainder when 3647 is divided by ((-8208)/(-720))/(2 - 14/10)?
18
Let t(i) = -31*i. Suppose -j = -3*f, -4*f = 3*j - 0*f. Suppose -4*p - 5 + 33 = j. What is the remainder when t(-1) is divided by p?
3
Suppose 462 = -90*f + 3702. Calculate the remainder when 118 is divided by f.
10
Suppose 0 = 3*z - 67 - 44. Let f = 43041 - 42972. What is the remainder when f is divided by z?
32
Suppose 3*z = 5*z - 3*y - 169, 0 = -5*z + 5*y + 410. Calculate the remainder when z is divided by 39.
38
Let o(p) = -p**3 - 5*p**2 + 5*p - 8. Let v be o(-6). Let r(d) = 7*d**2 - 784*d - 3122. What is the remainder when r(-4) is divided by 17/1*2 + v?
30
Suppose -2*b + 63 = b + 3*u, 3*b = -4*u + 68. Suppose -12*n = 38*n - 17800. Let o = 435 - n. Calculate the remainder when o is divided by b.
15
Let r = 157 - 242. Let z = -159 - r. Let i = 78 + z. Calculate the remainder when i is divided by 1.
0
Suppose 0 = -42*s - 12*s - 36612. Let d = s - -757. Let c = 5 + 17. What is the remainder when d is divided by c?
13
Suppose 17*r - 311 - 794 = 0. Calculate the remainder when 150 is divided by (-10)/r - (-665)/13.
48
Let n(r) = -13*r - 13. Let k(a) be the first derivative of 7*a**2/2 + 6*a + 20. Let g(m) = 7*k(m) + 4*n(m). What is the remainder when 21 is divided by g(-6)?
5
Let k = -53 - -50. Let q be (-2)/(-7)*k*(-3 - -10). What is the remainder when ((-108)/(-30))/(q/(-105)) is divided by 22?
19
Suppose 9*y = 6*y + 6. Let b(w) = -w**3 - 4*w**2 - 3*w + 2. Calculate the remainder when 5 + 47 - (-2 - (-4)/y) is divided by b(-4).
10
Let a = -1620 - -1637. Calculate the remainder when 31 is divided by a.
14
Suppose 5*s + j - 3434 = 0, 2*s + 2*j - 1372 = -0*s. Let z = s + -500. What is the remainder when z is divided by 38?
35
Suppose 2*k + 8 = 0, -68 = -2*s + 5*k + 78. Let m = -52 + 168. Suppose -4*p + 9*p - 156 = -h, -3*p + m = -5*h. What is the remainder when s is divided by p?
31
Let p be -1 + -1*1*-151. Suppose -s - 10*s = -729 + 707. Suppose s*l + 5*g - 2*g = 171, -2*l + 4*g = -p. Calculate the remainder when l is divided by 28.
25
Suppose 0 = -9*k + 4*k - 80. Let s(i) = -4*i + 20. What is the remainder when s(k) is divided by 23?
15
Let k = -3676 - -3684. What is the remainder when 2551 is divided by k?
7
Let n = 17269 - 17212. Let y(v) = v. Calculate the remainder when n is divided by y(5).
2
Let z = -653 + 999. What is the remainder when z is divided by 2?
0
Suppose -257 = -8*p + 3*p - 2*r, 4*r - 90 = -2*p. Let b = p + 66. Calculate the remainder when b is divided by 62.
57
Suppose -4*s - 2*w + 0*w + 270 = 0, s - 5*w = 62. Let l = s + -53. Suppose 0 = -9*o + l*o - 80. What is the remainder when 28 is divided by o?
12
Let w(z) = z**2 + 5*z + 15. Calculate the remainder when w(-8) is divided by (-105)/(-42)*102/15.
5
Suppose 3*w - 2*w + 47 = c, 0 = 5*c + w - 265. Let m = 1880 + -1849. Calculate the remainder when c is divided by m.
21
Let f(p) = p**3 - 101*p**2 - 1140*p + 11. What is the remainder when 619 is divided by f(-10)?
308
Let a = 204 + -140. Suppose 3*p + z - 53 = 0, 5*p - 4*z - 48 = 29. What is the remainder when a is divided by p?
13
Let v(s) = -4*s - 5. Calculate the remainder when 92/23*(-212)/(-16) is divided by v(-5).
8
Let i = -22826 - -27476. What is the remainder when i is divided by 274?
266
Let d be (-1171)/(-3) - (-79)/(-237). Let s = d + -283. Calculate the remainder when s is divided by 18.
17
Calculate the remainder when 42/77 - 18846/(-297) is divided by 44.
20
Let b(l) = -117*l + 4. Let z be b(-4). Let q = 873 - z. Suppose -r + 526 = 4*w, r = -3*w - 3*r + q. Calculate the remainder when w is divided by 44.
43
Let d(j) = -88*j + 23. What is the remainder when d(-8) is divided by 8?
7
Suppose -2220 = -206*w + 1694. What is the remainder when 1334 is divided by w?
4
Let y(z) = -62*z - 1518. What is the remainder when y(-41) is divided by 38?
36
Calculate the remainder when 7*2/210 + 70161/585 is divided by (45 + -2)*(1 - 0).
34
Calculate the remainder when 479 is divided by (-10)/3*484/(-3025)*(-195)/(-2).
11
Let a = -4133 - -4179. Suppose 0 = -2*g + 8, -4*f - 4*g + 552 = -0*f. Calculate the remainder when f is divided by a.
42
Suppose 5*q + 4*h - 200 = -h, 0 = 3*q + h - 114. Suppose -l + 4*n = -q, -2*l + 64 = -2*n - n. Calculate the remainder when 165 is divided by l.
20
Let o = 23502 - 23241. Calculate the remainder when 33927 is divided by o.
258
Suppose 5817 + 345 = 17*d - 4004. What is the remainder when d is divided by 0 + 1 + (1 - -4)?
4
Let d = 262 + -393. Let t = d - -145. Calculate the remainder when (-7)/((-21)/234) + 3 is divided by t.
11
Let u be 58/(-319) - (-84)/(-22). Let s = 24 - u. What is the remainder when 249 is divided by s?
25
Let t be 49/(5 + 2 + -6). Suppose -5*z + 144 = t. What is the remainder when z is divided by 10?
9
Let h(t) = -t**3 + t**2 - t + 4. Let i = 32062 + -32051. What is the remainder when h(-3) is divided by i?
10
Suppose -6295 = -4*f - 6151. Let j be (-93)/(-18) - (-2)/(-12). Suppose -j*l + f = -74. What is the 